 composite number?
False
Is 123001 composite?
False
Is 2491 a prime number?
False
Is 1924619 a composite number?
False
Is 15959 composite?
False
Is 50311 a prime number?
True
Is 84489 a prime number?
False
Is 288679 composite?
False
Is 57 composite?
True
Is 2153 composite?
False
Is 2887 composite?
False
Is 1441423 a prime number?
True
Is 183949 a prime number?
True
Is 173131 a prime number?
False
Is 64187 prime?
True
Is 134021 a prime number?
False
Is 2333 prime?
True
Is 15557 a composite number?
True
Is 118829 composite?
True
Is 472371 a composite number?
True
Is 909646 composite?
True
Is 168013 a composite number?
False
Is 4963 prime?
False
Is 9897 composite?
True
Is 4127 prime?
True
Is 871 a prime number?
False
Is 496031 prime?
False
Is 375353 prime?
False
Is 12373 composite?
False
Is 3403 a composite number?
True
Is 4315 prime?
False
Is 20831 prime?
False
Is 98999 a composite number?
False
Is 233 composite?
False
Is 95429 a prime number?
True
Is 36611 a composite number?
True
Is 11993 a composite number?
True
Is 462473 a prime number?
False
Is 427417 a composite number?
False
Is 22897 prime?
False
Is 98179 composite?
False
Is 6641 a composite number?
True
Is 265231 prime?
True
Is 998485 a prime number?
False
Is 43391 prime?
True
Is 19501 prime?
True
Is 105137 prime?
True
Is 120233 prime?
True
Is 65279 a prime number?
False
Is 421891 prime?
True
Is 6521 a composite number?
False
Is 19571 composite?
False
Is 78823 prime?
True
Is 75161 a composite number?
False
Is 2427811 composite?
True
Is 58267 a prime number?
False
Is 619657 a prime number?
True
Is 26479 a composite number?
False
Is 142 a composite number?
True
Is 25391 composite?
False
Is 2081789 a prime number?
False
Is 94027 a prime number?
False
Is 28901 composite?
False
Is 4909 a prime number?
True
Is 128099 a prime number?
True
Is 25257 a prime number?
False
Is 55379 a prime number?
False
Is 1655 prime?
False
Is 107923 a prime number?
True
Is 23099 composite?
False
Is 23251 prime?
True
Is 51733 composite?
True
Is 60731 a composite number?
True
Is 23813 a prime number?
True
Is 40637 a composite number?
False
Is 256301 a composite number?
False
Is 155327 composite?
False
Is 3623 a prime number?
True
Is 17117 composite?
False
Is 7625113 a composite number?
False
Is 20469 composite?
True
Is 2359 a prime number?
False
Is 27031 prime?
True
Is 226901 a composite number?
False
Is 13773 prime?
False
Is 545903 a composite number?
True
Is 36587 a prime number?
True
Is 1157 prime?
False
Is 66161 composite?
False
Is 680567 composite?
False
Is 6043 prime?
True
Is 48937 prime?
False
Is 10369 a composite number?
False
Is 39361 a composite number?
True
Is 8903 a prime number?
False
Is 5639 composite?
False
Is 78401 composite?
False
Is 36101 a prime number?
False
Is 1749383 a prime number?
True
Is 5489 composite?
True
Is 1147793 prime?
True
Is 4172111 prime?
True
Is 1150307 a prime number?
False
Is 3761 prime?
True
Is 36221 a composite number?
True
Is 33767 composite?
False
Is 15653 a composite number?
True
Is 4198 a prime number?
False
Is 391259 a prime number?
False
Is 20711 a composite number?
True
Is 123581 prime?
True
Is 21635 prime?
False
Is 13223 composite?
True
Is 3449 a composite number?
False
Is 40087 prime?
True
Is 395657 a composite number?
False
Is 5543 a prime number?
False
Is 808111 a composite number?
False
Is 32749 a composite number?
False
Is 6434 a prime number?
False
Is 36415 a composite number?
True
Is 35729 a prime number?
True
Is 508219 a composite number?
True
Is 259907 a composite number?
False
Is 1189231 prime?
True
Is 7993 a composite number?
False
Is 149365 a composite number?
True
Is 1895 a prime number?
False
Is 573809 a composite number?
False
Is 3011 prime?
True
Is 133267 composite?
True
Is 5623 a composite number?
False
Is 85297 a prime number?
True
Is 4083 a composite number?
True
Is 15161 a prime number?
True
Is 215723 a prime number?
True
Is 218549 a prime number?
True
Is 217783 a composite number?
True
Is 5539 prime?
False
Is 14597 composite?
True
Is 77237 a prime number?
True
Is 9793 composite?
True
Is 45517 prime?
False
Is 62533 a prime number?
True
Is 24841 a prime number?
True
Is 445691 a prime number?
True
Is 50989 a prime number?
True
Is 2373351 composite?
True
Is 3989 composite?
False
Is 67073 a prime number?
True
Is 74153 a prime number?
False
Is 18982 composite?
True
Is 396113 composite?
True
Is 6401 a composite number?
True
Is 15391 composite?
False
Is 647 a prime number?
True
Is 684989 composite?
False
Is 16823 a composite number?
False
Is 304319 a composite number?
True
Is 155053 a prime number?
False
Is 5839 prime?
True
Is 7993 composite?
False
Is 187951 a composite number?
False
Is 8746 a prime number?
False
Is 41431 a prime number?
False
Is 20789 a prime number?
True
Is 16603 a prime number?
True
Is 3907 prime?
True
Is 217253 a prime number?
True
Is 53327 a prime number?
True
Is 1289077 composite?
False
Is 22361 composite?
True
Is 97 a composite number?
False
Is 95509 composite?
True
Is 305593 a composite number?
False
Is 701159 composite?
False
Is 148523 composite?
True
Is 12938 a prime number?
False
Is 3989 prime?
True
Is 36493 a composite number?
False
Is 5111 prime?
False
Is 1657 a composite number?
False
Is 53111 a prime number?
False
Is 843077 prime?
False
Is 43683 a composite number?
True
Is 7349 a composite number?
False
Is 2539 composite?
False
Is 5471 a prime number?
True
Is 3779807 prime?
False
Is 404671 a prime number?
True
Is 43283 composite?
False
Is 845077 a composite number?
True
Is 5833 a composite number?
True
Is 89629 prime?
False
Is 102643 a prime number?
True
Is 619451 a prime number?
False
Is 58543 composite?
False
Is 21121 prime?
True
Is 50419 composite?
True
Is 1648913 prime?
False
Is 2277469 composite?
False
Is 2216177 a prime number?
False
Is 1473 a composite number?
True
Is 40889 a prime number?
False
Is 69679 prime?
False
Is 2843 prime?
True
Is 7729 composite?
True
Is 360749 composite?
False
Is 1423 a prime number?
True
Is 366473 composite?
True
Is 41461 a composite number?
True
Is 2602 a composite number?
True
Is 71009 a prime number?
False
Is 36965 prime?
False
Is 945146 a composite number?
True
Is 215953 a prime number?
True
Is 6761 composite?
False
Is 7261 prime?
False
Is 63739 prime?
False
Is 281991 a prime number?
False
Is 10559 a composite number?
False
Is 30577 composite?
False
Is 743863 composite?
True
Is 469 composite?
True
Is 256927 a composite number?
True
Is 29789 a prime number?
True
Is 7613 composite?
True
Is 128357 a prime number?
False
Is 947 composite?
False
Is 17141 prime?
False
Is 157457 composite?
False
Is 5227 composite?
False
Is 4127 a composite number?
False
Is 29599 a composite number?
False
Is 2327 a composite number?
True
Is 46399 a composite number?
False
Is 535181 a prime number?
True
Is 1979 composite?
False
Is 348389 a composite number?
False
Is 75967 prime?
True
Is 56569 a prime number?
True
Is 293 a composite number?
False
Is 230647 composite?
False
Is 206383 a prime number?
True
Is 83089 prime?
True
Is 897077 prime?
True
Is 2123195 composite?
True
Is 5993 a prime number?
False
Is 3359 a prime number?
True
Is 853 a composite number?
False
Is 355903 a prime number?
False
Is 68329 prime?
True
Is 524347 prime?
True
Is 15395 composite?
True
Is 60427 composite?
False
Is 3602 composite?
True
Is 489359 prime?
False
Is 54251 composite?
False
Is 22519 composite?
True
Is 29846 prime?
False
Is 2859205 a prime number?
False
Is 2973 prime?
False
Is 331 prime?
True
Is 613 a prime number?
True
Is 160193 a composite number?
True
Is 18773 composite?
False
Is 6077 a prime number?
False
Is 1360937 a composite number?
True
Is 16801 a composite number?
True
Is 11239 composite?
False
Is 479 composite?
False
Is 106903 prime?
True
Is 859517 a composite number?
True
Is 73589 prime?
True
Is 2149 a prime number?
False
Is 85081 composite?
False
Is 1856891 composite?
False
Is 3889 a prime number?
True
Is 25891 prime?
False
Is 12581 composite?
True
Is 21709 a composite number?
True
Is 81611 composite?
False
Is 2729 prime?
True
Is 8717 a composite number?
True
Is 623 a composite number?
True
Is 41039 a composite number?
False
Is 6337 prime?
True
Is 44417 a composite number?
False
Is 10037 a prime number?
True
Is 197